f n?
0
Let f = 36 - 21. Suppose 2*u - 57 + 25 = 0. Suppose u*g - f*g = 17. What is the tens digit of g?
1
Let l(t) = -t**2 - 4*t - 2. Let y be l(-9). Let v = y + 55. Suppose 5*u = v*u - 300. What is the hundreds digit of u?
1
Let p be -2*(275/10)/11 - -3401. Suppose p + 4140 = 12*b. What is the hundreds digit of b?
6
Suppose 172152 = 1117*z - 1090*z. What is the tens digit of z?
7
Suppose -f - 159 + 1217 = 3*n, 3*n - 1033 = 4*f. Suppose -n*b + 364*b - 10985 = 0. What is the hundreds digit of b?
8
What is the hundreds digit of 275/(-110) - 204126/(-4)?
0
Let c be (5102/(-14))/(3/(-21)). Let k = c - 642. What is the tens digit of k?
0
Let b be (-122)/(-2)*(-35)/5. Let t = b - -746. What is the hundreds digit of t?
3
What is the units digit of ((-2090)/(-33) + -6)*30?
0
Let l(j) = -115*j**3 + j**2 - 16*j - 29. Let b be l(-3). Suppose -4*q + 5*a + 3300 = 0, 0 = 4*q + a - 143 - b. What is the tens digit of q?
2
Let o(n) = -91*n - 1737. What is the hundreds digit of o(-106)?
9
Let l(s) = -3042*s + 147. What is the units digit of l(-2)?
1
Let h(v) = 47*v + 2. Suppose -3*f + 0*o - 4*o + 6 = 0, 4*f - 2*o = -14. Let s be h(f). Let a = -40 - s. What is the units digit of a?
2
Let k(w) be the first derivative of 1 + 5/2*w**2 + w + 1/3*w**3 - 3/2*w**4. What is the units digit of k(-2)?
3
Suppose -260 = -19*q + 14*q. Suppose -q*a + 462 = -51*a. Let j = a - 257. What is the hundreds digit of j?
2
Let a(p) = p**3 + 59*p**2 - 113*p + 195. What is the ten thousands digit of a(-40)?
3
Let z be (-2)/15 - 1992/(-90). Let k(l) = 13*l + 38. What is the tens digit of k(z)?
2
Suppose 2*p - 4007 = -14*y + 13*y, -5*y + 4*p = -20077. What is the units digit of y?
3
Let v(f) = 7*f**3 + 2*f**2 + 28*f + 2163. What is the thousands digit of v(0)?
2
Let b be (-6 + 8 - (-14)/(-4))*-6. Suppose 0*a - 5*h = a + 9, 2*a - 4*h = 38. Suppose b*z + 502 = a*z. What is the tens digit of z?
5
Let z(r) = -173*r - 581*r - 61*r - 318*r + 38. What is the units digit of z(-1)?
1
Let l = 64 - 58. What is the hundreds digit of -3*189*(-4)/l?
3
Suppose 2*h - 164414 = -2*m - 2*m, -4*h - 41117 = -m. What is the tens digit of m?
0
Let n(b) = 3*b - 6. Let v be n(5). Let w be -5*(0 - (-128)/(-10)). Suppose 332 = v*k - w. What is the units digit of k?
4
Let g be 2 + (9 - 0) - 3. Let r be 24/42 - g/14. Suppose -3*i - 3*l = -i - 153, r = -i + 4*l + 93. What is the tens digit of i?
8
Suppose -32*b - 482000 = -72*b. What is the thousands digit of b?
2
Suppose 0 = -12*q + 17*q + 5*v - 98025, -58799 = -3*q + 5*v. What is the tens digit of q?
0
Let a(z) = -2*z**3 - 2*z**2 - z - 1. Let i = 46 + -47. Let g be a(i). Suppose -2*t - t + 39 = g. What is the units digit of t?
3
Let k(v) = -2*v**3 - 26*v**2 - v - 55. What is the tens digit of k(-15)?
6
Let d(j) = 9*j**2 + 7*j - 23. Let g be d(8). Let w = g + -253. What is the units digit of w?
6
Suppose 13*n - 14*n + 75 = 5*k, 0 = 2*k + 4*n - 48. Suppose -k*v + 3063 = -6975. What is the hundreds digit of v?
7
Suppose -51038 = -3*b - 4*h, -28*h = -27*h - 5. What is the tens digit of b?
0
Let z(g) = -117 - 29*g + 145 - 93. What is the units digit of z(-12)?
3
Suppose 4*j + 11 = -m, -m - j + 16 = 3*m. Suppose -2*z + t + 700 = 0, 0 = -m*z - 4*t + 863 + 861. What is the units digit of z?
8
What is the units digit of (1 - (-20)/(-16)) + 124251/12?
4
Let b = 103711 + -70635. What is the units digit of b?
6
Suppose -1856 = 3*z - 7*z. Let s = 773 - z. What is the hundreds digit of s?
3
Let h(l) = 10*l + 84. Let m(p) = 3*p + 41. Let b(d) = 3*h(d) - 7*m(d). Let v be 3*(2 - 2/(-3)). What is the tens digit of b(v)?
3
Let v = 136 + -69. Let b = v - 62. Suppose -4*x + 2*k = b*k - 331, 83 = x + k. What is the tens digit of x?
8
Let q be (36/3*1)/(-1). Let j be (-63)/q + 1/(-4). Suppose -417 - 18 = -j*w. What is the tens digit of w?
8
Let k(g) = -g**3 + 32*g**2 + 49*g - 18. What is the tens digit of k(19)?
0
Let n(v) = 1158*v**2 - 4*v - 4. What is the thousands digit of n(-2)?
4
Let y be ((-8)/(-12) + (-1)/3)*-201. Let c = -67 - y. Suppose 7*q - 381 - 263 = c. What is the units digit of q?
2
Let y(x) = -4*x**3 - 14*x - 79. Let g be y(-11). Suppose 8*j + g = 13*j - k, -5*j + 5401 = k. What is the hundreds digit of j?
0
Let f(r) = 1853*r + 1443. What is the units digit of f(9)?
0
Let t = 220961 - 149046. What is the units digit of t?
5
Suppose 142*m = 134*m - 1336. Suppose -5*a - 262 - 203 = 4*h, -h - 286 = 3*a. Let s = a - m. What is the tens digit of s?
7
Suppose 4*p - 9880 = -4*x, -38*p - 2*x + 7417 = -35*p. What is the units digit of p?
7
Let a(f) = 5188*f + 2790. What is the units digit of a(4)?
2
Let g = 6778 - 5143. What is the hundreds digit of g?
6
Let t = 285 - 657. Let d = t + 1084. What is the hundreds digit of d?
7
Let z = 879 + 957. What is the units digit of z?
6
Suppose 4*j - 892 = 4*b, 223 = -3*b + 2*b + 2*j. What is the hundreds digit of b/(-2) + (-69)/(-46)?
1
Let h(i) = 4*i + 12. Let o be h(2). Let n be 2 - (-5)/(o/468). Suppose n = -5*u + 1239. What is the units digit of u?
4
Let n = 297 + -89. Suppose -5*y - 993 = -n. What is the units digit of y/(-2) - 1/2?
8
Let b = -830 + 14. What is the thousands digit of b/(-32)*(-2 - 178/(-3))?
1
Let o(r) = 11*r - 69. Let y be o(6). Let a(h) = -25*h**2 + 4*h + 7. Let j(d) = -24*d**2 + 4*d + 7. Let l(m) = 6*a(m) - 7*j(m). What is the tens digit of l(y)?
6
Let j(o) = 2250*o + 134. What is the thousands digit of j(1)?
2
Suppose -16 = -7*o + 3*o. Suppose -z + 108 = 5*i, -5*z + 4*z + o*i + 144 = 0. Suppose z = 2*a - 66. What is the units digit of a?
7
Suppose 3*v + 3*h - 123711 = 0, -4*h = -2*v + 67637 + 14855. What is the ten thousands digit of v?
4
Suppose 2663 = 3*q - r - 2251, 0 = 3*q - 5*r - 4902. Let i = -1105 + q. What is the tens digit of i?
3
Let p(w) = -w**2 - 28*w + 93. Let d be p(-31). What is the units digit of (-9 + 20)/(d + 2/46)?
3
Let o = 58152 - 35950. What is the units digit of o?
2
Suppose 5*c + 4*g - 12441 - 20834 = 0, 0 = -5*g + 25. What is the tens digit of c?
5
Suppose -45050 = -3*j + t + 38217, -j = -t - 27753. What is the units digit of j?
7
Let m(d) = 2*d + 20. Suppose 4*c + 25 = -c - v, 5*c = -5*v - 5. Let o be m(c). What is the units digit of (o/(-10))/(8/20) + 151?
9
Let j be (-466)/(-2) - (9/(-3) - -1). Suppose 4*k = 91 - j. Let w = k + 38. What is the units digit of w?
2
Let y(m) = -m**2 + 19*m - 82. Let r be y(17). What is the tens digit of (11 + -1)/(r/(-2376))?
9
Suppose 42392*g = 42401*g - 196326. What is the units digit of g?
4
Suppose 0 = -5*f - 2*t + 220, -5*f + 2*t = -0*f - 200. Suppose -80 = 5*w - 100. Suppose w*l + f = 6*l. What is the units digit of l?
1
Suppose -1 = 3*a + 11, 0 = 2*b + a + 14. What is the tens digit of 71 + (-1 - b)/(-1)?
6
Suppose -9 = -h - 14. Let u = h + 213. What is the hundreds digit of u?
2
Suppose 0 = 5*r - m - 282624, 2288*m + 4 = 2287*m. What is the units digit of r?
4
Let a(m) = -m**3 + 70*m**2 - 40*m + 473. What is the units digit of a(68)?
1
Let x be (-1418)/(-14) + 2/(-7). Let s be 3774/518*(2 + 10/(-6)*-3). Suppose c - s = x. What is the units digit of c?
2
Let i(v) = -43*v**3 + v**2 + 161*v + 1102. What is the tens digit of i(-7)?
7
Let w(v) = -v**2 - 4*v - 1. Let u be w(-2). Let p(a) = 3198*a**u - 16*a - 3197*a**3 - 6*a**2 + 12 + 2. What is the tens digit of p(8)?
1
Suppose -k + 9 = -3*j, -7 - 1 = -2*k + j. Suppose 2*a - k*m - 347 - 1706 = 0, 25 = 5*m. What is the thousands digit of a?
1
What is the units digit of 1558240/128 + (-5)/(-20)?
4
Let p = 275 + -592. Let r = p + 699. What is the tens digit of r?
8
Let q(m) = 66*m**2 - 178*m + 214. What is the units digit of q(-26)?
8
Let v = -200 + 283. Suppose 3*r = -103 - v. Let g = -11 - r. What is the units digit of g?
1
Suppose x + 3*j - 32154 = -8226, 5*j = 3*x - 71700. What is the thousands digit of x?
3
Let v = 7271 - 4154. What is the units digit of v?
7
Let a be (2/(-1))/(42/(-777)). Let p be a/4 + (-13)/52 + 0. What is the hundreds digit of (-57)/p*(6*-4 + -3)?
1
Let d(n) = -n. Let y be d(-6). Let m be (-12)/16*4*(-22)/y. What is the units digit of 0 - -22 - (m - 7)?
8
Suppose -47424 = -5*h - 6*z + 3*z, 0 = 5*h + 4*z - 47422. What is the units digit of h?
6
Let w = 5536 - -10056. What is the thousands digit of w?
5
Suppose 81*p = 86*p - 10. Suppose -3*z - p*z = -3*o - 2077, -2*o + 2 = 0. Suppo